 the ten thousands digit of 3576533?
7
What is the thousands digit of 2214078?
4
What is the ten millions digit of 10435858?
1
What is the hundreds digit of 987207?
2
What is the hundred thousands digit of 3501743?
5
What is the hundred thousands digit of 4660238?
6
What is the hundred thousands digit of 1601812?
6
What is the millions digit of 18151429?
8
What is the thousands digit of 2957942?
7
What is the ten thousands digit of 32194562?
9
What is the units digit of 6450955?
5
What is the thousands digit of 73376?
3
What is the hundreds digit of 1483323?
3
What is the thousands digit of 858606?
8
What is the hundreds digit of 183236?
2
What is the hundreds digit of 590128?
1
What is the ten thousands digit of 678386?
7
What is the hundreds digit of 44046?
0
What is the units digit of 134460?
0
What is the ten thousands digit of 1250486?
5
What is the hundred thousands digit of 1079257?
0
What is the tens digit of 494842?
4
What is the ten thousands digit of 106409?
0
What is the tens digit of 7895425?
2
What is the ten thousands digit of 106087?
0
What is the hundreds digit of 17857?
8
What is the tens digit of 16258459?
5
What is the hundred thousands digit of 579386?
5
What is the millions digit of 36530215?
6
What is the ten thousands digit of 746371?
4
What is the units digit of 18767?
7
What is the ten thousands digit of 10733426?
3
What is the hundred thousands digit of 994866?
9
What is the millions digit of 2441279?
2
What is the tens digit of 9195747?
4
What is the units digit of 5508461?
1
What is the units digit of 3347385?
5
What is the ten thousands digit of 15309?
1
What is the hundreds digit of 6568645?
6
What is the tens digit of 7921106?
0
What is the units digit of 286062?
2
What is the units digit of 242413?
3
What is the thousands digit of 397184?
7
What is the ten thousands digit of 669196?
6
What is the thousands digit of 201294?
1
What is the hundreds digit of 1081243?
2
What is the hundred thousands digit of 655365?
6
What is the hundreds digit of 10179529?
5
What is the ten thousands digit of 437617?
3
What is the hundreds digit of 291944?
9
What is the ten thousands digit of 8017977?
1
What is the tens digit of 68586?
8
What is the millions digit of 2494439?
2
What is the ten thousands digit of 588692?
8
What is the hundred thousands digit of 1237625?
2
What is the tens digit of 7107803?
0
What is the ten millions digit of 13642888?
1
What is the tens digit of 129942?
4
What is the thousands digit of 185625?
5
What is the tens digit of 48004?
0
What is the hundred thousands digit of 507389?
5
What is the hundred thousands digit of 4843546?
8
What is the tens digit of 71416?
1
What is the thousands digit of 18432502?
2
What is the hundreds digit of 205353?
3
What is the hundred thousands digit of 12008977?
0
What is the millions digit of 2805202?
2
What is the millions digit of 8695149?
8
What is the units digit of 471641?
1
What is the hundreds digit of 1632769?
7
What is the units digit of 5999635?
5
What is the ten thousands digit of 8845141?
4
What is the units digit of 1366601?
1
What is the units digit of 29326?
6
What is the millions digit of 1588313?
1
What is the units digit of 538160?
0
What is the hundreds digit of 1314055?
0
What is the hundreds digit of 24712744?
7
What is the thousands digit of 243973?
3
What is the thousands digit of 922379?
2
What is the tens digit of 1629906?
0
What is the units digit of 1438746?
6
What is the tens digit of 8206133?
3
What is the ten thousands digit of 203230?
0
What is the units digit of 1877298?
8
What is the units digit of 382769?
9
What is the hundreds digit of 4431407?
4
What is the hundred thousands digit of 2530218?
5
What is the hundred thousands digit of 1323670?
3
What is the thousands digit of 477067?
7
What is the hundred thousands digit of 2058725?
0
What is the tens digit of 22166?
6
What is the thousands digit of 931143?
1
What is the tens digit of 73125?
2
What is the ten thousands digit of 205348?
0
What is the ten thousands digit of 186511?
8
What is the units digit of 3677404?
4
What is the thousands digit of 1745529?
5
What is the thousands digit of 367228?
7
What is the tens digit of 1263131?
3
What is the units digit of 854789?
9
What is the thousands digit of 649819?
9
What is the hundreds digit of 5182575?
5
What is the tens digit of 12285161?
6
What is the millions digit of 14523592?
4
What is the thousands digit of 50599?
0
What is the ten thousands digit of 756321?
5
What is the ten thousands digit of 6323751?
2
What is the hundred thousands digit of 804088?
8
What is the ten thousands digit of 4213322?
1
What is the tens digit of 406698?
9
What is the hundred thousands digit of 164772?
1
What is the hundred thousands digit of 4667652?
6
What is the hundreds digit of 3650501?
5
What is the thousands digit of 5945380?
5
What is the millions digit of 3478089?
3
What is the tens digit of 2026815?
1
What is the ten thousands digit of 1451303?
5
What is the hundred thousands digit of 3023384?
0
What is the hundreds digit of 7847742?
7
What is the thousands digit of 9059701?
9
What is the units digit of 115292?
2
What is the hundred thousands digit of 17584013?
5
What is the thousands digit of 182552?
2
What is the tens digit of 714906?
0
What is the hundreds digit of 2425247?
2
What is the thousands digit of 277540?
7
What is the hundred thousands digit of 139443?
1
What is the hundreds digit of 2081140?
1
What is the units digit of 4244?
4
What is the thousands digit of 172844?
2
What is the hundred thousands digit of 2850520?
8
What is the thousands digit of 381143?
1
What is the thousands digit of 5903707?
3
What is the ten thousands digit of 1804115?
0
What is the hundreds digit of 112403?
4
What is the ten thousands digit of 4334535?
3
What is the tens digit of 692095?
9
What is the hundred thousands digit of 43965808?
9
What is the thousands digit of 4243658?
3
What is the units digit of 14686872?
2
What is the tens digit of 667604?
0
What is the hundreds digit of 38025?
0
What is the hundred thousands digit of 969039?
9
What is the hundreds digit of 30090937?
9
What is the tens digit of 716081?
8
What is the millions digit of 11048855?
1
What is the hundred thousands digit of 231806?
2
What is the thousands digit of 18625035?
5
What is the hundreds digit of 468632?
6
What is the hundred thousands digit of 7541927?
5
What is the units digit of 113646?
6
What is the units digit of 2963308?
8
What is the hundreds digit of 10091830?
8
What is the hundreds digit of 218122?
1
What is the units digit of 1150810?
0
What is the thousands digit of 11641?
1
What is the hundreds digit of 1659112?
1
What is the millions digit of 6730900?
6
What is the hundreds digit of 23450098?
0
What is the hundreds digit of 5951111?
1
What is the ten millions digit of 13292556?
1
What is the ten thousands digit of 675496?
7
What is the thousands digit of 4901866?
1
What is the tens digit of 507811?
1
What is the hundred thousands digit of 14751666?
7
What is the ten thousands digit of 2124693?
2
What is the ten thousands digit of 215759?
1
What is the hundred thousands digit of 2482441?
4
What is the hundreds digit of 251517?
5
What is the thousands digit of 474740?
4
What is the millions digit of 1771581?
1
What is the millions digit of 1658889?
1
What is the hundreds digit of 221085?
0
What is the hundred thousands digit of 1785998?
7
What is the hundreds digit of 805674?
6
What is the thousands digit of 218318?
8
What is the hundreds digit of 58033?
0
What is the thousands digit of 253413?
3
What is the hundred thousands digit of 235518?
2
What is the hundred thousands digit of 298742?
2
What is the tens digit of 385549?
4
What is the hundreds digit of 317125?
1
What is the millions digit of 3196854?
3
What is the hundreds digit of 421916?
9
What is the hundred thousands digit of 2473662?
4
What is the hundred thousands digit of 3888037?
8
What is the ten thousands digit of 12687335?
8
What is the hundreds digit of 1092164?
1
What is the hundred thousands digit of 4809838?
8
What is the thousands digit of 1054904?
4
What is the units digit of 222200?
0
What is the thousands digit of 540782?
0
What is the hundred thousands digit of 1492529?
4
What is the t